 base 7
112665
What is -2213 (base 6) in base 12?
-369
Convert 1dd4 (base 15) to base 11.
4979
Convert -1142 (base 10) to base 2.
-10001110110
Convert 33c (base 14) to base 2.
1010000010
Convert 211 (base 9) to base 12.
124
Convert -44424 (base 7) to base 15.
-34b0
What is -c3 (base 14) in base 12?
-123
What is -471 (base 8) in base 4?
-10321
211261 (base 7) to base 3
1212001211
Convert 122342 (base 5) to base 7.
16524
b883 (base 13) to base 2
110010000011010
-1021012000 (base 3) to base 4
-12011121
What is 20457 (base 10) in base 8?
47751
437 (base 16) to base 14
571
What is 470 (base 11) in base 13?
342
What is -2928 (base 13) in base 2?
-1011100111101
What is -1001222 (base 3) in base 11?
-651
Convert 1504 (base 10) to base 9.
2051
Convert -10100001101111 (base 2) to base 14.
-3ab5
-12100112 (base 3) to base 12
-2312
Convert 14500 (base 6) to base 9.
3180
What is -502435 (base 6) in base 7?
-223046
2131 (base 6) to base 14
26b
Convert -1c6d (base 15) to base 9.
-8424
371 (base 9) to base 13
1a8
Convert -11100000011 (base 2) to base 8.
-3403
What is 98 (base 11) in base 13?
83
Convert 14606 (base 8) to base 2.
1100110000110
Convert 6ee (base 16) to base 6.
12114
120373 (base 9) to base 6
1315320
Convert -729 (base 16) to base 5.
-24313
What is -21202021 (base 3) in base 15?
-1a1a
What is -13032 (base 4) in base 13?
-297
What is -3a3d (base 14) in base 15?
-3082
Convert 131355 (base 7) to base 6.
305340
Convert -834 (base 9) to base 3.
-221011
78 (base 10) to base 3
2220
What is 11202100 (base 3) in base 4?
312021
What is 4415 (base 6) in base 9?
1352
-1050 (base 13) to base 10
-2262
-1000011100 (base 2) to base 16
-21c
What is 52461 (base 8) in base 10?
21809
-2838 (base 9) to base 10
-2141
Convert 26663 (base 7) to base 14.
28a3
What is 10102012 (base 3) in base 12?
1535
10000010011000 (base 2) to base 9
12401
What is -220 (base 15) in base 2?
-111100000
-525 (base 7) to base 15
-129
Convert 1152 (base 6) to base 13.
18b
-1120202 (base 3) to base 14
-5c6
What is -1933 (base 11) in base 3?
-10100222
Convert 50402 (base 6) to base 11.
4a84
-1100100100010 (base 2) to base 14
-24b8
Convert d095 (base 15) to base 12.
2157b
400422 (base 6) to base 12
16112
What is -144 (base 16) in base 2?
-101000100
-552a (base 16) to base 6
-244534
Convert 12000 (base 3) to base 8.
207
Convert -1132300 (base 4) to base 8.
-13660
23120 (base 4) to base 2
1011011000
20000 (base 3) to base 14
b8
What is 100001100111 (base 2) in base 6?
13543
Convert 1087a (base 11) to base 7.
63522
What is -10054 (base 12) in base 9?
-31471
1de (base 15) to base 3
121002
Convert 1013121 (base 5) to base 12.
9785
Convert 128 (base 14) to base 10.
232
31521 (base 6) to base 15
1417
Convert -1001111011001110 (base 2) to base 4.
-21323032
-3367 (base 9) to base 7
-10156
-21044 (base 5) to base 14
-71d
What is -1100002120 (base 3) in base 7?
-136500
-424 (base 16) to base 4
-100210
What is -24112 (base 6) in base 9?
-4718
-10110011110101 (base 2) to base 6
-125141
What is 4132 (base 6) in base 3?
1021002
122463 (base 8) to base 2
1010010100110011
What is 300335 (base 6) in base 2?
101101110100011
Convert -121 (base 16) to base 2.
-100100001
-a5 (base 15) to base 3
-12202
Convert 117503 (base 9) to base 11.
49486
What is 2613 (base 7) in base 16?
3de
What is -1153 (base 8) in base 12?
-437
Convert -7b6 (base 12) to base 2.
-10001111010
What is -8970 (base 10) in base 4?
-2030022
What is -264 (base 11) in base 12?
-220
What is -5a (base 16) in base 2?
-1011010
Convert -485 (base 14) to base 4.
-32011
What is -112004 (base 5) in base 3?
-12111022
Convert 203122 (base 5) to base 12.
3a32
What is 4015 (base 9) in base 14?
10d4
What is -4cf (base 16) in base 10?
-1231
Convert 142436 (base 8) to base 3.
2120012222
What is -22102 (base 7) in base 4?
-1112203
What is -4310 (base 14) in base 7?
-45520
What is -54ea (base 15) in base 14?
-67b5
Convert 100001110001 (base 2) to base 15.
991
Convert -122400 (base 6) to base 10.
-10944
Convert -2b752 (base 12) to base 6.
-1152542
20301131 (base 4) to base 6
434205
Convert 3102 (base 11) to base 8.
10024
-1b1b6 (base 12) to base 16
-9c5a
Convert -497c (base 13) to base 4.
-2202230
Convert -4115 (base 6) to base 9.
-1222
Convert -1011130 (base 4) to base 14.
-1896
Convert 32340 (base 6) to base 16.
1164
Convert -303231 (base 4) to base 7.
-12435
Convert -13542 (base 7) to base 13.
-18c0
-c4a (base 16) to base 4
-301022
Convert 2028 (base 13) to base 4.
1011030
1331 (base 16) to base 9
6658
Convert -5106 (base 7) to base 9.
-2376
-133222 (base 5) to base 16
-153d
32423 (base 6) to base 11
3402
What is 1442423 (base 6) in base 13?
2c03a
What is -25433 (base 7) in base 3?
-100020112
197d (base 14) to base 10
4619
What is 5f00 (base 16) in base 14?
8c12
What is -141d (base 14) in base 5?
-103210
-1415 (base 7) to base 2
-1000100111
What is 100002102 (base 3) in base 7?
25214
Convert 4974 (base 12) to base 3.
102101021
541 (base 6) to base 8
315
6373 (base 14) to base 10
17153
Convert -9a90 (base 13) to base 16.
-544c
Convert -1114134 (base 5) to base 3.
-1000022202
Convert -370 (base 11) to base 4.
-12320
What is -101000010111 (base 2) in base 5?
-40313
What is -311103 (base 4) in base 5?
-102121
34120 (base 6) to base 7
16665
Convert 12350 (base 7) to base 14.
1297
What is -7b6 (base 13) in base 14?
-6b2
What is 1444 (base 7) in base 10?
571
1010001110 (base 2) to base 4
22032
10310001 (base 4) to base 15
5c93
496 (base 11) to base 8
1115
Convert -102201012 (base 3) to base 7.
-33614
What is 1133 (base 5) in base 10?
168
Convert -777 (base 9) to base 10.
-637
-122112121 (base 3) to base 6
-135111
Convert a46 (base 11) to base 6.
5500
Convert -8984 (base 10) to base 16.
-2318
10773 (base 8) to base 4
1013323
What is -1253 (base 7) in base 15?
-21e
-234 (base 6) to base 5
-334
Convert -1100100000100100 (base 2) to base 11.
-35549
Convert 1 (base 6) to base 7.
1
Convert -131300 (base 4) to base 15.
-86e
What is -3331040 (base 5) in base 11?
-3a863
What is -623 (base 13) in base 15?
-498
Convert -69d7 (base 14) to base 13.
-84c9
What is 492 (base 11) in base 10?
585
What is -807 (base 10) in base 5?
-11212
-aa15 (base 13) to base 10
-23678
-331420 (base 6) to base 5
-1340323
Convert -10000 (base 8) to base 4.
-1000000
What is -2044 (base 5) in base 14?
-158
What is -10000101110 (base 2) in base 11?
-893
-1101202010 (base 3) to base 14
-a056
Convert -28b6 (base 16) to base 2.
-10100010110110
Convert -3089 (base 12) to base 4.
-1102221
-3652 (base 11) to base 6
-34040
-52 (base 15) to base 9
-85
What is 11345 (base 7) in base 10?
2924
-1865 (base 11) to base 8
-4502
52212 (base 6) to base 2
1101101010000
What is -430 (base 5) in base 11?
-a5
What is 22103 (base 6) in base 9?
4173
What is 1101010111010010 (base 2) in base 13?
1bbb8
What is -2457 (base 8) in base 7?
-3604
What is -101021 (base 4) in base 11?
-908
What is 440 (base 5) in base 9?
143
What is -639 (base 12) in base 5?
-12114
879 (base 12) to base 10
1245
Convert 34410 (base 10) to base 12.
17ab6
What is 4bb (base 14) in base 6?
4221
2551 (base 9) to base 8
3565
What is 435 (base 10) in base 4?
12303
What is -135002 (base 7) in base 3?
-1022021212
656 (base 13) to base 11
8a7
Convert 269 (base 15) to base 11.
45a
120531 (base 6) to base 12
6147
-12000301 (base 4) to base 5
-1242000
What is -731 (base 8) in base 16?
-1d9
What is -1a5 (base 12) in base 2?
-100001101
322012 (base 6) to base 8
63370
What is -21002 (base 5) in base 15?
-61c
-110111100011 (base 2) to base 8
-6743
448 (base 9) to base 15
198
What is -51102 (base 7) in base 2?
-11000001101111
What is -c3e (base 15) in base 6?
-20435
100010010 (base 3) to base 11
4aa1
-38 (base 13) to base 3
-1202
c2 (base 16) to base 4
3002
1684 (base 12) to base 14
da4
What is 2004204 (base 5) in base 8?
76074
-2234 (base 5) to base 13
-1b7
What is 1171 (base 11) in base 12?
a76
-4414 (base 15) to base 14
-537d
1cb (base 14) to base 15
1a0
Convert -2303 (base 4) to base 14.
-cb
Convert -1110111100110 (base 2) to base 6.
-55234
-31223 (base 5) to base 9
-2742
What is -1ba2 (base 13) in base 12?
-2510
Convert -72a (base 16) to base 6.
-12254
Convert -cb (base 15) to base 5.
-1231
What is -50351 (base 6) in base 12?
-39b7
Convert 3a5 (base 15) to base 2.
